et u = -7 + t. List the prime factors of u.
37
Suppose 2*r = 8, 3*v - 6*v = -3*r - 1788. List the prime factors of v.
2, 3, 5
Suppose -n - 4*x = -3*n + 1282, -4*n + 2603 = 5*x. What are the prime factors of n?
647
Let u(h) = 3*h**2 - 3*h - 2. Let c be u(18). Let n = c - 630. List the prime factors of n.
2, 11, 13
Suppose -15 = -3*u + 3. Let r(k) = -k**3 + 7*k**2 - 7*k + 9. Let y be r(u). Suppose -z + 4 = -y*d, -5*z - 2*d + 120 = 3*d. List the prime factors of z.
19
Suppose b = 16 - 21. Let a(q) = -q**3 - 3*q**2 + 5*q - 7. What are the prime factors of a(b)?
2, 3
Suppose 2*h - 12 = -h. Let g be h/(-22) - (-2)/11. Suppose -2*k + 6*k - 36 = g. List the prime factors of k.
3
Suppose 2*v - 2*i - 24 = 3*i, 3*v = 4*i + 22. Suppose x - 3*a = v*a - 8, 2*x = 2*a. Suppose -3*b + k + 33 = -x*k, b - 5*k = 19. What are the prime factors of b?
3
Let p be 27*((-32)/12 - -1). Let b be 18/p - 54/(-10). Suppose -9 = 3*w, 36 + 7 = b*u + 4*w. List the prime factors of u.
11
Suppose -r + 6933 = 3*g + 405, -5*r + 32670 = 5*g. List the prime factors of r.
3, 2179
Let a be 1 + (-40 - 2) + 1. Let k be -81 + 13 + (-1 - 0). Let b = a - k. List the prime factors of b.
29
Let w(u) = -u**3 - 4*u**2 + 5*u + 1. Let d be w(-5). Let k be (-24)/(6/6*-1). Let m = d + k. List the prime factors of m.
5
What are the prime factors of 4 - (6 - 357/7)?
7
Let i be (0 - 64)*(-4 - 0). Suppose i = 5*b - 129. What are the prime factors of b?
7, 11
Suppose -15*o + 466 = -4064. List the prime factors of o.
2, 151
Let j = 28 - 11. What are the prime factors of 1*j*(-11 - -13)?
2, 17
Suppose 0 = -10*z + 8*z + 162. Let i = 209 - z. List the prime factors of i.
2
Suppose 0*l + 19 = 4*r + 3*l, 0 = r - 5*l + 24. Let s = 23 + r. List the prime factors of s/(-15)*(-7 + 2).
2
Suppose x + 296 + 69 = -3*z, 242 = -2*z - x. Let f = -30 - z. List the prime factors of f.
3, 31
Let l = 606 - 350. Suppose 3*c - l = 7*c. What are the prime factors of c/(-7) - 5/35?
3
Suppose -5392 = -35*m + 19*m. List the prime factors of m.
337
Suppose -22*b + 30*b = 8480. What are the prime factors of b?
2, 5, 53
Let r = -7 + 11. Suppose -2*f + 183 = r*b - 5*f, -252 = -5*b - 4*f. What are the prime factors of b?
2, 3
Let q = -15 - -17. Let o(y) = 26*y + 2. What are the prime factors of o(q)?
2, 3
Suppose -7*s + 3*s + 16 = 0. Let f(z) = -z**2 + 4*z + 4. Let w be f(4). Suppose s*c - 8 = -5*n, 5*c = -2*n + w + 23. What are the prime factors of c?
7
Suppose 1652 = 4*o - 864. What are the prime factors of o?
17, 37
Let s be (-486)/(-4) + 42/28. Suppose 4*x = x + s. Let f = x + -5. List the prime factors of f.
2, 3
Let b(a) = 8*a**2 - 67*a - 15. What are the prime factors of b(23)?
2, 3, 223
Suppose 4*u = 3*c - 5, 5*c - 2 - 1 = 4*u. Let w(i) = 15*i**2 + 2*i - 2. What are the prime factors of w(u)?
2, 3
Let d(q) be the third derivative of q**6/120 + 3*q**5/20 + q**4/4 - 11*q**3/6 + q**2. Suppose 0 = -2*y + 8*y + 48. What are the prime factors of d(y)?
5
Let b = 982 - 379. What are the prime factors of b?
3, 67
Suppose 0 = -3*d - 1140 + 6312. What are the prime factors of d?
2, 431
Suppose 7257 - 525 = -4*s. Let k be 1 + 4/(12/s). What are the prime factors of ((-12)/(-5))/((-42)/k)?
2
Let j be (25/2)/(-5)*-6. Suppose -21*r + 1122 = -j*r. What are the prime factors of r?
11, 17
Let a = -5 + 466. List the prime factors of a.
461
Let s = -165 - -108. Let u = s + 132. What are the prime factors of u?
3, 5
Suppose 4*t - 39 = 5*x, 3*t - x - 4*x - 23 = 0. Let h be 3/((-12)/t) + 1. List the prime factors of (75/h)/(-1)*1.
5
Let z = 19 + -16. Suppose 4*r - 4*o = 168, -3*r + z*o + o + 121 = 0. Let m = -9 + r. What are the prime factors of m?
2, 19
Let t(g) = 8*g**3 + 4*g**2 + 7*g + 10. List the prime factors of t(6).
2, 13, 37
Let d be (-303)/(-21) + 4/7. Suppose w - 25 = d. What are the prime factors of w?
2, 5
List the prime factors of (-118)/6*12/8*-18.
3, 59
Let y be 1*(2 + -2) + 2 + 3. Suppose -2*j + 4*j = -y*f + 427, -2*j = -3*f + 253. What are the prime factors of f?
5, 17
Suppose 0 = -3*i - h + 23, -5*i + h + 15 = -10. Suppose n - 3*n = -4*p + 10, n = -2*p + 7. Let m = i - n. List the prime factors of m.
5
Suppose -35*m + 1066 = -22*m. Suppose 3*d = 7*d + 168. Let b = d + m. List the prime factors of b.
2, 5
Let a = -48 + 38. Let q = 37 - a. What are the prime factors of q?
47
Let f(s) = 2*s**2 - 7*s - 6. Let b(p) = p**3 - 7*p**2 + 6. Let n be b(7). Let h be f(n). Suppose h = 2*z - 28. List the prime factors of z.
2, 13
Suppose -b = -6*l + l - 909, -5*b = -4*l - 4587. List the prime factors of b.
919
Suppose -11186 = -7*u + 22316. List the prime factors of u.
2, 2393
List the prime factors of (-3)/30 + (-67696)/(-160).
3, 47
Let d(n) = -n**2 - 5*n + 17. Let h be d(-7). Suppose h*t - t - 28 = 2*k, 0 = 2*t + k - 34. What are the prime factors of t?
2
Let f = -21 + 1. List the prime factors of (24/f)/((-202)/200 + 1).
2, 3, 5
Suppose -10 = -2*y, 3*y = -3*k + 2*k + 674. Suppose -4*r = -45 - k. List the prime factors of r.
2, 11
Suppose 88*q - 68 = 84*q. Let l be 10*(0 - (0 + 1)). Let d = l + q. List the prime factors of d.
7
Suppose 0 = -0*s - 2*s - 12. What are the prime factors of 29*(-3)/(3 + s)?
29
Let u(f) = -55*f - 5. Let w be u(-2). Let y = 74 + -137. Let v = y + w. List the prime factors of v.
2, 3, 7
Let b(x) be the third derivative of -x**4/6 + 2*x**3/3 + 8*x**2 + 6*x. Let s = -6 - -3. What are the prime factors of b(s)?
2
Let c = -5 + 10. Suppose 3*h = -c*n + 544, -4*h + n + 154 + 556 = 0. What are the prime factors of h/8 + (-1)/4?
2, 11
Let h(b) = -3*b**3 + 7 + 4*b - 9*b + 8*b**2 + 2*b**3. Let x be 198/30 - (-4)/10*1. List the prime factors of h(x).
3, 7
Let b(d) = d**2 + d. Let k(r) = -r**3 + 5*r**2 + 10. Let y(a) = 2*b(a) + k(a). List the prime factors of y(6).
2, 29
Suppose 0 = s - 1, 5*d + 16 = -4*s. Let f be (-3 + 4)/((-1)/d). Suppose 2*i - 4*i + 66 = r, 3*i - 89 = -f*r. List the prime factors of i.
5, 7
Suppose 2*l = 3*u - 9, 3*u + 0*l = -3*l + 24. Suppose 0*n = -u*n. Suppose n = -2*y - s + 95 - 28, -s = -y + 41. List the prime factors of y.
2, 3
Let c be 2*(-4)/24*-6. Let i be -3 - (0 - (-1 + 3)). Let m = c - i. What are the prime factors of m?
3
Let w(s) be the first derivative of -5*s**2/2 - 3*s - 3. Let k be ((-3)/6)/1*8. What are the prime factors of w(k)?
17
Suppose 5*h - 25924 = 53*x - 52*x, 0 = -3*h + 3*x + 15552. What are the prime factors of h?
5, 17, 61
Let o(y) = 170*y**2 + 11*y - 4. List the prime factors of o(-2).
2, 3, 109
Suppose 5*k - 8 = 3*j, 2*k - 4 = -5*j + 24. Suppose -k*x - 252 = -10*x. List the prime factors of x.
2, 3, 7
Suppose 32 = -g - g. Let y(w) = 16*w**3 - 22*w**2 - 3 - 17*w**3 + 26 + 6*w**2. List the prime factors of y(g).
23
Let l(d) = 44*d - 83. List the prime factors of l(11).
401
Let p be -3 - 0 - 699*8/(-12). Let d = -299 + p. What are the prime factors of d?
2, 41
Let x(z) = 26*z**2 + 19*z - 24. List the prime factors of x(-4).
2, 79
Let t be (-8)/24 - (-4)/(-6). Let u(l) = -26*l**3 - l**2 - 3*l - 1. What are the prime factors of u(t)?
3
Let f = 89 + 76. What are the prime factors of f?
3, 5, 11
Let u(c) = 2*c**2 + 73*c + 73. What are the prime factors of u(-38)?
11, 17
Let f be (5 + -17)*13/(-4). Suppose r + 133 = f. Let m = r - -145. What are the prime factors of m?
3, 17
Suppose 10*a + 2047 = 13*a + 5*b, -4*a - 4*b + 2724 = 0. List the prime factors of a.
7, 97
Let u = -1060 + 1064. Let r be 2/(-8) - (-2)/8. Suppose -3*n + u*c = -72, 2*n + r*n = c + 53. What are the prime factors of n?
2, 7
Suppose -2*z = -0 - 14. Suppose -z*q = -10*q - 6. List the prime factors of ((-152)/(-16))/((-1)/q).
19
Let p = 1241 - -348. List the prime factors of p.
7, 227
Let d(k) = 5*k**2 - 9 - 4*k**2 + 4 + 7*k. List the prime factors of d(-9).
13
Suppose -35 = -u + 7. List the prime factors of (12/(-42) + (-58)/u)*-6.
2, 5
Let q = 108 - 154. Let j be (-14)/49 - q/14. Suppose 0*p + 4*p = 20, j*c - 2*p - 26 = 0. List the prime factors of c.
2, 3
Suppose -61*r = -64*r + 14934. List the prime factors of r.
2, 19, 131
Suppose 0 = 2*c - c - 32. Suppose -3*t = t + c. Let v = t + 13. List the prime factors of v.
5
Let r be 4/14 + (-160)/(-28). Let k be (-3 - r/(-4))*-8. List the prime factors of (k/(-18))/((-2)/75).
5
Let h be (-6)/(-4) - (-4)/(-8). What are the prime factors of 21564/144 - h/(-4)?
2, 3,